39)).
4
Calculate 7 - 17 - (-3 + 29 + (6 - 0 - -1)).
-43
What is the value of 5 - 11 - 7 - (-41 + 65) - -14?
-23
Calculate 89 - (-65 + 107) - (-1 - -2 - -4).
42
What is the value of -25 + 5 - (23 + -42) - (0 + -5)?
4
Calculate 32 + -73 + 81 - 35.
5
-23 + 10 + (-1 - (-10 + 4 + (-7 - -10)))
-11
Evaluate 222 - 216 - (-1 + 2 + 1) - (-12 + 0).
16
Evaluate (0 + 3 - (1 - 49)) + (-295 - -302).
58
21 + (-34 - (-40 - -24)) - (-4 + -36 - 3)
46
Calculate 1 + -11 + -163 + 130.
-43
Evaluate 103 + -3 - (-63 + -51 + 146).
68
Evaluate 32 + -167 + (-82 - -146).
-71
Evaluate -10 + (-97 - -40) + (2 - -10) - -12.
-43
Calculate 5 + (-1 - -1) + (9 + 162 - 160).
16
What is (-30 + 24 + -12 - 26) + 16?
-28
What is the value of -8 + -20 + -4 - (-9 + (10 - (12 + -8)))?
-29
54 - 64 - ((3 + -4 - 2) + (-24 - -13))
4
Calculate (10 - 7) + 13 + (19 - -17 - -18).
70
(-34 + 0 - (1366 - 1324)) + -11
-87
Evaluate 779 + -807 - (-20 + -1).
-7
What is (-14850 - -14910) + (-17 - (-2 + 1))?
44
What is the value of (4 + 22 + -18 - (-5 - 0)) + -24?
-11
Calculate (4 - 32) + (17 - -12 - 44).
-43
What is the value of 0 + -18 - (-423 + 428) - 4?
-27
What is (-8 - -17 - 8) + (-41 - (-21 + 18))?
-37
What is -46 - (-64 + -94 - -62)?
50
Calculate (54 - (-1 + 4) - -11 - (1 - -9)) + -1.
51
What is (-8 - -2 - (13 + 7 - 18)) + 10 + 24?
26
What is -80 - -31 - -10 - -43?
4
Evaluate 1547 + -1635 - (-6 + -138).
56
What is the value of (-2 - (-2 - 13)) + 0 + 2 + (2 - -6)?
23
What is the value of 2 + 56 - (9 + (-14 - (9 - 6)) - -15)?
51
What is 1 + 52 + -25 + (0 - 10) - -99?
117
What is (51 - (8 - (-28 + 9))) + 0 + 2?
26
What is the value of (-2 - -23) + 50 + -132 + 26?
-35
Calculate (-2 - -95) + (96 - 156).
33
Evaluate 1 + 24 + (-166 + 179 - (20 - (-1 - 0))).
17
Calculate -1 - (-6 - -17 - 4 - (0 + -20)).
-28
-4 + 4 + (25 - 22 - (15 - 6))
-6
Calculate 29 + -1 - (234 + -173) - (4 - (-2 - -1)).
-38
What is the value of -2 + (0 - -1) + (-136 - 115) + 233?
-19
Evaluate (7 - (38 - -1) - -10) + (-71 - 1).
-94
What is (-14 - (-1 - 0)) + -14 + 86 + -81?
-22
Calculate (-10 - (7 - 102) - 13) + 10 + (-1 - 6).
75
Calculate (13 - -108) + (-96 - -42) + 35.
102
(26 - 12) + (2 - 28) + 5 - -66
59
Calculate -1774 - -1652 - (-106 - 0).
-16
-10 + 9 + 17 + -7 + 10 + -22
-3
What is -3 - ((0 + -6 - (-14 - -15)) + -17 + 17)?
4
Evaluate 14 - 14 - (-1 + -73 + 2 - (3 - 11)).
64
Evaluate (14 - -2) + (61 - 57 - -16).
36
What is the value of (-5 - -1) + -91 + 169?
74
-13 - ((-16 - -1 - (9 + -21)) + 0) - 96
-106
What is the value of -17 + -1237 + 1333 + (-3 + 0 - -18)?
94
36 + (-14 - 74) + 62
10
Evaluate 0 + (269 - 264 - (-1 - -14)) - -55.
47
Calculate 8 - (10 + -2 - (211 + -208)).
3
Evaluate -14 + (-19 - -2 - -4) + -20.
-47
What is (55 - 77 - (-16 - 1)) + (14 - 2)?
7
Calculate -8 - (9 + -17 + 30 + (-2 - 10)).
-18
What is the value of -15 - -2 - (-19 + -10 + 31 + -6)?
-9
What is the value of -13 + 0 + -2 - (-223 + 62 + 95)?
51
Calculate -2 - (-7 + 1) - (-60 - (-123 - -85)).
26
What is (125 - (-10 - -12 - -8)) + -11 + 29?
133
What is the value of 8 - -33 - (19 - 12 - (16 + -1))?
49
What is (-20 - (0 - -2) - -27) + 1 + -51?
-45
What is the value of -23 - (4 + 11) - -8 - 10?
-40
Calculate -40 - ((-87 - -126) + -31).
-48
Evaluate (155 - 146 - 21) + (0 - -55).
43
What is the value of -88 + (-43 - -52) - (30 - -2)?
-111
Calculate -15 + -11 + 43 + 34 + -27.
24
What is the value of (9 - ((32 - 29) + -54 + 0)) + -5?
55
What is the value of 0 - -49 - (2 + (-3 - 5) + 11 + -2)?
46
Calculate 39 - (22 - (-38 + 60)).
39
What is 1041 + -1037 + (-3 - -1 - 65)?
-63
Evaluate 20 + 65 + -52 + -63.
-30
Evaluate -13 + 37 + (-13 - -10 - -14) + -5 - -2.
32
What is -7 + 4 + 0 + -7 - (-32 + -1)?
23
-2 - 1 - (-57 + 41) - 5
8
Evaluate 5 - (51 - (17 + (-5 - 10))).
-44
12 + 0 - (18 - -8 - -6 - -55)
-75
Calculate (108 - 168 - -38) + (-15 - 0 - -1).
-36
-49 + 3 + (33 - 23)
-36
-50 + 0 + (73 + -36 - 55 - (-2 - 17))
-49
Evaluate -72 - (4 + -62) - (0 + 15).
-29
What is (-5 - -3) + 10 + -16 + -8?
-16
What is (-22 - 69) + -105 + 276?
80
Evaluate 5 - 11 - (0 + 4 + (38 - (12 - 29))).
-65
What is the value of (43 - (-57 + 75)) + 2 + -34?
-7
What is the value of 491 + -629 + 33 + (4 - 1)?
-102
Calculate 27 + -53 + 22 + -52 + -1.
-57
Calculate 15 + 1 + 51 + (-2 - 57) + -54.
-46
Calculate 2 + -38 - (-61 + -43 + 14).
54
What is (143 - 174) + 32 + 119?
120
-23 - -1 - (57 + (21 - (123 - 26)))
-3
What is (1 - -5) + -84 - (-7 - -26 - (-31 - -63))?
-65
Calculate -3 + -19 + 71 + 1 + -57.
-7
What is (10 - (223 + -232 + (74 - 0))) + 7?
-48
Evaluate -17 - 103 - (220 - 239).
-101
Calculate 73 - 1 - (-19 + 6 + 28 - (-34 + 54)).
77
What is the value of (-9 - 4) + 8 + -40 + (13 - (1 - 5))?
-28
Calculate 40 + -63 + 32 + 22 + -7.
24
Calculate (27 + 20 - 9 - (3 - 11)) + -10.
36
(158 - (-279 - -440)) + (-1 - 67 - 0) - 7
-78
87 + (-217 - -7) - -150
27
Calculate 13 + (-16 - -9) + 3 + -9 - (1 - 42).
41
What is 20 - -1 - (268 - 248) - -50?
51
Calculate -19 + (22 - 17 - 32) - -20.
-26
What is the value of -87 + 74 - (-11 + 2) - -18?
14
Calculate (194 - (-122 + 122)) + -84.
110
17 - 84 - (213 - 379)
99
What is (2 - 0) + -92 + 64 - -4 - -141?
119
Calculate 12 + 1 - (15 + -2 + 51 + -14 + 14).
-51
Calculate -7 + -14 + 25 + -10 - 0.
-6
Calculate -32 + (-82 - -12) - -85.
-17
Calculate 3398 + -3402 - (-101 + 2).
95
Calculate 0 + -4010 + 3964 + (0 + 1 - -11).
-34
What is the value of -21 + (-104 + 118 - (-1 + 0)) + -58 + 1?
-63
What is 0 - (-84 - -2) - (-279 + 301 + -34)?
94
What is (-21 - -4) + (-16 - -15) - -39?
21
What is -1 + -3 - (1 + -7 - (-42 + -119 - -94))?
-65
What is the value of (8 + 2 - 4) + 33 + -40 + 48?
47
Calculate -49 - ((8 - -2) + 8 + (9 - (28 - 12))).
-60
What is the value of -38 - -1 - (-25 + -4 + 21)?
-29
What is the value of 17 + (-15 - -26 - 63) + -3?
-38
What is (19 + (36 - -18) - 24) + (-2 - -5 - -5)?
57
What is the value of 2 + 47 - (37 - 52 - -19)?
45
Calculate -116 - -114 - ((-4 - -38) + -2).
-34
Evaluate 59 + (12 + -82 - -84).
73
What is the value of 31 - (54 + 0 - 6)?
-17
What is (20 - (-10 - -8)) + (-4 - -8) + -12 - 7?
7
Evaluate (6 - 21) + (146 - (7 + (22 - (5 - -12)))).
119
Calculate (12 - 3) + (5 - (2 - (-35 + -4))).
-27
Evaluate -26 - -21 - ((10 - 0) + -1 + -63).
49
Calculate 0 + -4 + 12 - 68 - (-28 - -25).
-57
What is the value of 138 - (9 + 44 + -10 + -12)?
107
Calculate (-29 + 3 - (-40 - -18)) + (1 - (-87 + -2)).
86
Evaluate -1 + 125 + -216 + 6.
-86
Evaluate -5 - (14 - (42 - 127)).
-104
-10 - (-28 - -24) - 0 - -8
2
32 - -9 - ((-32 - -20) + -18)
71
Evaluate -19 + -41 + 53 - 57.
-64
-114 + (3 - 8) - (33 - (61 + -13))
-104
Evaluate (48 - 0) + -30 + -14.
4
Evaluate 1 - 1 - (-72 + (-63 - -143)).
-8
Evaluate 166 + 9 + -3 + -58.
114
3 + (16 - (-12 - -70))
-39
Evaluate 3 + -107 - (120 - (69 - -64)).
-91
Evaluate 36 + (6 + 29 - 23) + -184.
-136
What is -35 + 16 - -23 - 34 - -25?
-5
Evaluate (-8 + -63 - -47) + 100.
76
What is the value of 34 + -31 + 14 + (-46 - -52)?
23
Evaluate (-3 - -65) + -384 + 388.
66
15 + (-8 - 14 - -6) - (-25 - 2 - 2)
28
106 - 68 - ((-6 - -13) + -10)
41
-195 - -122 - -66 - -18
11
Calculate 0 - 24 - (-10442 - -10343).
75
What is the value of -15 - (-15 - ((-9 - -3) + 46 + -36))?
4
What is (28 - 20) + 5 + 1 + -50?
-36
Calculate 10 + -10 + (-4 - (-6 - (36 + -7))).
31
(6 - 7) + (18 - 24 - -4 - (-35 + 4))
28
Evaluate -14 + (0 - (-73 - -30)).
29
-16 - (49 + 42 + -13)
-94
What is 67 - (71 - (-114 - -20))?
-98
Evaluate 59 - ((-33 - -86) + -69).
75
Calculate 4 + 14 + -20 + (-15 - -86).
69
What is the value of -66 + (-2 - 1 - (74 + -93))?
-50
What is 18 - (5 - -20) - (0 - (0 - 61))?
-68
What is the value of -18 + -19 + -15 + 47 - -14?
9
Evaluate -26 - (34 + -16) - -27.
-17
Evaluate -17 + -17 - (13 - 46) - (47 - -2).
-50
Calculate -44 - -67 - 82 - (1 + 0 + (2 - 4)).
-58
Calculate (6 - -23) + 712 + -629.
112
Evaluate -7 + (-8 - (15 - 44 - -31)).
-17
Evaluate -32 + -7 - ((4 - 7) + -10 - -2).
-28
Calculate -115 - (21 + (-23 - -23) + (-15 - -2)).
-123
Evaluate -11 + 13 + 9 + 5 + (9 - -21).
46
What is the value of (30 - 34 - 51 - -80) + (0 - -9)?
34
What is -74 + -7 + 13 + 7 - (-19 + -1)?
-41
Calculate -9 + 4 - (-133 - -240 - (9 - 30 - 0)).
-133
What is the value of (-171 - -167) + (-3 - (3 - 0))?
-10
Evaluate -43 + (-6 - -11) + 62 + 13.
37
(1 - ((6 - 3) + 5) - 0) + 81